{"id":71,"date":"2021-12-02T12:34:09","date_gmt":"2021-12-02T10:34:09","guid":{"rendered":"https:\/\/guia-practiques-primaria.aula.uoc.edu\/introduccio\/?page_id=71"},"modified":"2021-12-15T14:18:58","modified_gmt":"2021-12-15T12:18:58","slug":"8-3-les-activitats-virtuals-a-laula","status":"publish","type":"page","link":"http:\/\/guia-practiques-primaria.aula.uoc.edu\/guia-general\/8-3-les-activitats-virtuals-a-laula\/","title":{"rendered":"8.3. Les activitats virtuals (a l\u2019aula)"},"content":{"rendered":"<p>S\u00f3n les activitats que es plantegen, es guien i s\u2019avaluen des de l\u2019aula virtual. Es tracta de les proves d\u2019avaluaci\u00f3 continuada o PAC que proposa i coordina el professor col\u00b7laborador i que aporten una gran diversitat en els processos d\u2019aprenentatge (observaci\u00f3 i an\u00e0lisi, evocaci\u00f3 i connexi\u00f3 amb les pr\u00e0ctiques, resoluci\u00f3 de problemes, obtenci\u00f3 d\u2019evid\u00e8ncies, etc.).<\/p>\n<p>Aquestes activitats han de ser coherents amb el perfil professional de mestre que es pret\u00e9n desenvolupar en el grau i s\u2019han de considerar els aspectes contextuals de cada centre de pr\u00e0ctiques promovent en tot moment l\u2019autoregulaci\u00f3 dels aprenentatges per part de l\u2019estudiantat. Per aix\u00f2, per a la seva realitzaci\u00f3 es requeriran les idees pr\u00e8vies que tenen les alumnes i els alumnes sobre teories impl\u00edcites ja treballades o sobre la lectura de publicacions de recerca que aportin evid\u00e8ncies de la pr\u00e0ctica. A m\u00e9s a m\u00e9s, seran activitats que preveuen la participaci\u00f3 de la mentora o mentor de centre.<\/p>\n<div class=\"featured featured-blue\"><p>Durant les pr\u00e0ctiques es mira de trobar punts d\u2019encontre i retroalimentaci\u00f3 entre les activitats d\u2019aprenentatge a l\u2019aula i les tasques que ha de desenvolupar l\u2019estudiantat al centre, sempre des de la perspectiva de la reflexi\u00f3 a partir de la pr\u00e0ctica.<\/p>\n<\/div>\n","protected":false},"excerpt":{"rendered":"<p>S\u00f3n les activitats que es plantegen, es guien i s\u2019avaluen des de l\u2019aula virtual. Es tracta de les proves d\u2019avaluaci\u00f3 continuada o PAC que proposa i coordina el professor col\u00b7laborador i que aporten una gran diversitat en els processos d\u2019aprenentatge (observaci\u00f3 i an\u00e0lisi, evocaci\u00f3 i connexi\u00f3 amb les pr\u00e0ctiques, resoluci\u00f3 de problemes, obtenci\u00f3 d\u2019evid\u00e8ncies, etc.). [&hellip;]<\/p>\n","protected":false},"author":1,"featured_media":0,"parent":0,"menu_order":0,"comment_status":"closed","ping_status":"closed","template":"","meta":[],"acf":[],"_links":{"self":[{"href":"http:\/\/guia-practiques-primaria.aula.uoc.edu\/guia-general\/wp-json\/wp\/v2\/pages\/71"}],"collection":[{"href":"http:\/\/guia-practiques-primaria.aula.uoc.edu\/guia-general\/wp-json\/wp\/v2\/pages"}],"about":[{"href":"http:\/\/guia-practiques-primaria.aula.uoc.edu\/guia-general\/wp-json\/wp\/v2\/types\/page"}],"author":[{"embeddable":true,"href":"http:\/\/guia-practiques-primaria.aula.uoc.edu\/guia-general\/wp-json\/wp\/v2\/users\/1"}],"replies":[{"embeddable":true,"href":"http:\/\/guia-practiques-primaria.aula.uoc.edu\/guia-general\/wp-json\/wp\/v2\/comments?post=71"}],"version-history":[{"count":3,"href":"http:\/\/guia-practiques-primaria.aula.uoc.edu\/guia-general\/wp-json\/wp\/v2\/pages\/71\/revisions"}],"predecessor-version":[{"id":136,"href":"http:\/\/guia-practiques-primaria.aula.uoc.edu\/guia-general\/wp-json\/wp\/v2\/pages\/71\/revisions\/136"}],"wp:attachment":[{"href":"http:\/\/guia-practiques-primaria.aula.uoc.edu\/guia-general\/wp-json\/wp\/v2\/media?parent=71"}],"curies":[{"name":"wp","href":"https:\/\/api.w.org\/{rel}","templated":true}]}}