{"id":126,"date":"2025-07-23T14:40:56","date_gmt":"2025-07-23T12:40:56","guid":{"rendered":"http:\/\/guia-practiques-primaria.aula.uoc.edu\/guia-practiques-curriculars-estudiantat\/?page_id=126"},"modified":"2025-07-24T12:14:35","modified_gmt":"2025-07-24T10:14:35","slug":"5-4-5-activitats-daprenentatge","status":"publish","type":"page","link":"http:\/\/guia-practiques-primaria.aula.uoc.edu\/guia-practiques-curriculars-estudiantat\/5-4-5-activitats-daprenentatge\/","title":{"rendered":"5.4.5. Activitats d\u2019aprenentatge"},"content":{"rendered":"<p>A continuaci\u00f3 es presenta una breu descripci\u00f3 de cada una de les activitats d\u2019avaluaci\u00f3 continuada que es proposaran a l\u2019aula virtual amb l\u2019objectiu que l\u2019estudiantat desenvolupi les compet\u00e8ncies del Pr\u00e0cticum IV del grau d\u2019Educaci\u00f3 Prim\u00e0ria.<\/p>\n<table width=\"1704\">\n<tbody>\n<tr class=\"table-header\">\n<td width=\"55\"><strong>PAC<\/strong><\/td>\n<td width=\"136\"><strong>Nom<\/strong><\/td>\n<td width=\"216\"><strong>Descripci\u00f3<\/strong><\/td>\n<td width=\"108\"><strong>Compet\u00e8ncies per desenvolupar<\/strong><\/td>\n<td width=\"87\"><strong>Ponderaci\u00f3<\/strong><\/td>\n<\/tr>\n<tr>\n<td width=\"55\">PAC 1<\/td>\n<td width=\"136\"><strong>El context educatiu i les compet\u00e8ncies professionals<\/strong><\/td>\n<td width=\"216\">Elabora el Pla de treball de les pr\u00e0ctiques.<\/p>\n<p>En aquesta primera activitat es far\u00e0 un an\u00e0lisi del context educatiu especialment pel que fa a la pr\u00e0ctica d\u2019aula i una reflexi\u00f3 sobre el punt de partida per afrontar el nou per\u00edode de pr\u00e0ctiques.<\/p>\n<p>Es crear\u00e0 un diari de camp de les pr\u00e0ctiques que permeti documentar el proc\u00e9s, sigui element de reflexi\u00f3 individual i es comparteixi amb la resta de companys\/es de l\u2019aula.<\/td>\n<td width=\"108\"><a class=\"tooltip\"  href=\"javascript:void(0);\" data-toggle=\"popover\" data-placement=\"bottom\" data-content=\"Que els estudiants s\u00e0piguen aplicar els coneixements a la seva feina o vocaci\u00f3 d\u2019una manera professional i tinguin les compet\u00e8ncies que s\u2019acostumen a demostrar per mitj\u00e0 de l\u2019elaboraci\u00f3 i la defensa d\u2019arguments i la resoluci\u00f3 de problemes dins la seva \u00e0rea d\u2019estudi.\">CB2<\/a><br \/>\n<a class=\"tooltip\"  href=\"javascript:void(0);\" data-toggle=\"popover\" data-placement=\"bottom\" data-content=\"Que els estudiants tinguin la capacitat de reunir i interpretar dades rellevants (normalment dins de la seva \u00e0rea d\u2019estudi) per emetre judicis que incloguin una reflexi\u00f3 sobre temes rellevants d\u2019\u00edndole social, cient\u00edfica o \u00e8tica.\">CB3<\/a><br \/>\n<\/span><span style=\"font-family: inherit; font-size: inherit;\"><a class=\"tooltip\"  href=\"javascript:void(0);\" data-toggle=\"popover\" data-placement=\"bottom\" data-content=\"Comprendre i expressar adequadament el coneixement, oralment i per escrit, en els diversos contextos acad\u00e8mics o professionals propis de l\u2019especialitat.\">CG6<\/a><br \/>\n<\/span><a class=\"tooltip\"  href=\"javascript:void(0);\" data-toggle=\"popover\" data-placement=\"bottom\" data-content=\"Reflexionar sobre les metodologies a l\u2019aula per innovar i millorar la tasca docent en l\u2019educaci\u00f3 prim\u00e0ria, fomentant actituds positives cap a models d\u2019ensenyament per indagaci\u00f3 centrats en l\u2019estudiant.\">CE13<\/a><\/td>\n<td width=\"87\">5 %<\/td>\n<\/tr>\n<tr>\n<td width=\"55\">PAC 2<\/td>\n<td width=\"136\"><strong>An\u00e0lisi d\u2019una pr\u00e0ctica <\/strong><strong>d\u2019aula i de centre<\/strong><\/td>\n<td width=\"216\">En aquesta activitat es tracta d\u2019analitzar pr\u00e0ctiques educatives d\u2019aula des de la mirada del curr\u00edculum. Tenint en compte les metodologies; les compet\u00e8ncies i els criteris d\u2019avaluaci\u00f3 i els sabers; les situacions d\u2019aprenentatge, els objectius d\u2019aprenentatge i els criteris d\u2019avaluaci\u00f3 dels objectius; l\u2019avaluaci\u00f3 formativa i formadora; la gesti\u00f3 de l\u2019aula; els sis vectors del curr\u00edculum i els ODS.<\/td>\n<td width=\"108\"><a class=\"tooltip\"  href=\"javascript:void(0);\" data-toggle=\"popover\" data-placement=\"bottom\" data-content=\"Que els estudiants tinguin la capacitat de reunir i interpretar dades rellevants (normalment dins de la seva \u00e0rea d\u2019estudi) per emetre judicis que incloguin una reflexi\u00f3 sobre temes rellevants d\u2019\u00edndole social, cient\u00edfica o \u00e8tica.\">CB3<\/a><br \/>\n<a class=\"tooltip\"  href=\"javascript:void(0);\" data-toggle=\"popover\" data-placement=\"bottom\" data-content=\"Comprendre i expressar adequadament el coneixement, de forma oral i escrita, en els diversos contextos acad\u00e8mics o professionals propis de l\u2019especialitat.\">CG6<\/a><br \/>\n<a class=\"tooltip\"  href=\"javascript:void(0);\" data-toggle=\"popover\" data-placement=\"bottom\" data-content=\"Assumir que l\u2019exercici de la funci\u00f3 docent ha d\u2019anar perfeccionant-se i adaptant-se als canvis cient\u00edfics, pedag\u00f2gics i socials al llarg de la vida.\">CE10<\/a><br \/>\n<a class=\"tooltip\"  href=\"javascript:void(0);\" data-toggle=\"popover\" data-placement=\"bottom\" data-content=\"Re\ufb02exionar sobre les metodologies a l\u2019aula per innovar i millorar la tasca docent en l\u2019educaci\u00f3 prim\u00e0ria, tot fomentant actituds positives vers models d\u2019ensenyament per indagaci\u00f3 centrats en l\u2019estudiant.\">CE13<\/a><br \/>\n<a class=\"tooltip\"  href=\"javascript:void(0);\" data-toggle=\"popover\" data-placement=\"bottom\" data-content=\"Aplicar de manera adequada les tecnologies de la informaci\u00f3 i la comunicaci\u00f3 a les aules d\u2019educaci\u00f3 prim\u00e0ria, i en l\u2019\u00e0mbit acad\u00e8mic i professional.\">CE15<\/a><\/td>\n<td width=\"87\">10 %<\/td>\n<\/tr>\n<tr>\n<td width=\"55\">PAC 3<\/td>\n<td width=\"136\"><strong>El disseny d\u2019una situaci\u00f3 d\u2019aprenentatge<\/strong><\/td>\n<td width=\"216\">En aquesta activitat es realitzar\u00e0 el disseny d\u2019una intervenci\u00f3 educativa: situaci\u00f3 d\u2019aprenentatge.<\/p>\n<p>Disseny de l\u2019avaluaci\u00f3 de les tasques i del feedback formatiu a l\u2019alumnat.<\/td>\n<td width=\"108\"><a class=\"tooltip\"  href=\"javascript:void(0);\" data-toggle=\"popover\" data-placement=\"bottom\" data-content=\"Que els estudiants s\u00e0piguen aplicar els seus coneixements al seu treball o vocaci\u00f3 d\u2019una forma professional i tinguin les compet\u00e8ncies que solen demostrar-se mitjan\u00e7ant l\u2019elaboraci\u00f3 i la defensa d\u2019arguments i la resoluci\u00f3 de problemes dins de la seva \u00e0rea d\u2019estudi.\">CB2<\/a><br \/>\n<a class=\"tooltip\"  href=\"javascript:void(0);\" data-toggle=\"popover\" data-placement=\"bottom\" data-content=\"Comprendre i expressar adequadament el coneixement, de forma oral i escrita, en els diversos contextos acad\u00e8mics o professionals propis de l\u2019especialitat.\">CG6<\/a><br \/>\n<a class=\"tooltip\"  href=\"javascript:void(0);\" data-toggle=\"popover\" data-placement=\"bottom\" data-content=\"Saber aplicar adequadament a la pr\u00e0ctica educativa el coneixement sobre les \u00e0rees curriculars de l\u2019educaci\u00f3 prim\u00e0ria, la relaci\u00f3 interdisciplin\u00e0ria entre elles, els criteris d\u2019avaluaci\u00f3 i el cos de coneixements did\u00e0ctics sobre els procediments d\u2019ensenyament i aprenentatge respectius.\">CE1<\/a><br \/>\n<a class=\"tooltip\"  href=\"javascript:void(0);\" data-toggle=\"popover\" data-placement=\"bottom\" data-content=\"Dissenyar, plani\ufb01car i avaluar processos d\u2019ensenyament i aprenentatge, tant individualment com en col\u00b7laboraci\u00f3 amb altres docents i professionals del centre d\u2019educaci\u00f3 prim\u00e0ria.\">CE2<\/a><br \/>\n<a class=\"tooltip\"  href=\"javascript:void(0);\" data-toggle=\"popover\" data-placement=\"bottom\" data-content=\"Dissenyar i regular espais d\u2019aprenentatge en contextos de diversitat i que atenguin la igualtat de g\u00e8nere, l\u2019equitat i el respecte als drets humans que formen els valors de la formaci\u00f3 ciutadana.\">CE5<\/a><br \/>\n<a class=\"tooltip\"  href=\"javascript:void(0);\" data-toggle=\"popover\" data-placement=\"bottom\" data-content=\"Re\ufb02exionar sobre les metodologies a l\u2019aula per innovar i millorar la tasca docent en l\u2019educaci\u00f3 prim\u00e0ria, tot fomentant actituds positives vers models d\u2019ensenyament per indagaci\u00f3 centrats en l\u2019estudiant.\">CE13<\/a><br \/>\n<a class=\"tooltip\"  href=\"javascript:void(0);\" data-toggle=\"popover\" data-placement=\"bottom\" data-content=\"Adquirir h\u00e0bits i destreses per a l\u2019aprenentatge aut\u00f2nom i cooperatiu I promoure\u2019l entre els estudiants.\">CE14<\/a><br \/>\n<a class=\"tooltip\"  href=\"javascript:void(0);\" data-toggle=\"popover\" data-placement=\"bottom\" data-content=\"Aplicar de manera adequada les tecnologies de la informaci\u00f3 i la comunicaci\u00f3 a les aules d\u2019educaci\u00f3 prim\u00e0ria, i en l\u2019\u00e0mbit acad\u00e8mic i professional.\">CE15<\/a><\/td>\n<td width=\"87\">40 %<\/td>\n<\/tr>\n<tr>\n<td width=\"55\">PAC 4<\/td>\n<td width=\"136\"><strong>La pr\u00e0ctica educativa en entorns i contextos diversos<\/strong><\/td>\n<td width=\"216\">En aquesta activitat es tracta d\u2019implementar la intervenci\u00f3 educativa dissenyada en el context real d\u2019aula. Aquesta implementaci\u00f3 inclou avaluar les tasques i proporcionar un feedback formatiu a l\u2019alumnat.<\/td>\n<td width=\"108\"><a class=\"tooltip\"  href=\"javascript:void(0);\" data-toggle=\"popover\" data-placement=\"bottom\" data-content=\"Que els estudiants puguin transmetre informaci\u00f3, idees, problemes i solucions a un p\u00fablic tant especialitzat com no especialitzat.\">CB4<\/a><br \/>\n<a class=\"tooltip\"  href=\"javascript:void(0);\" data-toggle=\"popover\" data-placement=\"bottom\" data-content=\"Comprendre i expressar adequadament el coneixement, de forma oral i escrita, en els diversos contextos acad\u00e8mics o professionals propis de l\u2019especialitat.\">CG6<\/a><br \/>\n<a class=\"tooltip\"  href=\"javascript:void(0);\" data-toggle=\"popover\" data-placement=\"bottom\" data-content=\"Actuar de manera honesta, \u00e8tica, sostenible, socialment responsable i respectuosa amb els drets humans i la diversitat, tant en la pr\u00e0ctica acad\u00e8mica com en la professional.\">CT3<\/a><br \/>\n<a class=\"tooltip\"  href=\"javascript:void(0);\" data-toggle=\"popover\" data-placement=\"bottom\" data-content=\"Saber aplicar adequadament a la pr\u00e0ctica educativa el coneixement sobre les \u00e0rees curriculars de l\u2019educaci\u00f3 prim\u00e0ria, la relaci\u00f3 interdisciplin\u00e0ria entre elles, els criteris d\u2019avaluaci\u00f3 i el cos de coneixements did\u00e0ctics sobre els procediments d\u2019ensenyament i aprenentatge respectius.\">CE1<\/a><br \/>\n<a class=\"tooltip\"  href=\"javascript:void(0);\" data-toggle=\"popover\" data-placement=\"bottom\" data-content=\"Dissenyar, plani\ufb01car i avaluar processos d\u2019ensenyament i aprenentatge, tant individualment com en col\u00b7laboraci\u00f3 amb altres docents i professionals del centre d\u2019educaci\u00f3 prim\u00e0ria.\">CE2<\/a><br \/>\n<a class=\"tooltip\"  href=\"javascript:void(0);\" data-toggle=\"popover\" data-placement=\"bottom\" data-content=\"Dissenyar i regular espais d\u2019aprenentatge en contextos de diversitat i que atenguin la igualtat de g\u00e8nere, l\u2019equitat i el respecte als drets humans que formen els valors de la formaci\u00f3 ciutadana.\">CE5<\/a><br \/>\n<a class=\"tooltip\"  href=\"javascript:void(0);\" data-toggle=\"popover\" data-placement=\"bottom\" data-content=\"Fomentar la conviv\u00e8ncia a l\u2019aula i fora d\u2019ella, resoldre problemes de disciplina i contribuir a la resoluci\u00f3 pac\u00edfica de conflictes.\">CE6<\/a><br \/>\n<a class=\"tooltip\"  href=\"javascript:void(0);\" data-toggle=\"popover\" data-placement=\"bottom\" data-content=\"Estimular i valorar l\u2019esfor\u00e7, la const\u00e0ncia i la disciplina personal en l\u2019estudiantat.\">CE7<\/a><\/td>\n<td width=\"87\">30 %<\/td>\n<\/tr>\n<tr>\n<td width=\"55\">PAC 5<\/td>\n<td width=\"136\"><strong>Avaluaci\u00f3 dels processos d\u2019aprenentatge<\/strong><\/td>\n<td width=\"216\">Amb aquesta darrera activitat es realitza el tancament del Pr\u00e0cticum IV. Cal dur a terme l\u2019autoavaluaci\u00f3 i coavaluaci\u00f3 amb la mirada experta de la intervenci\u00f3 i establir millores de futur.<\/p>\n<p>Finalitza l\u2019activitat amb una reflexi\u00f3 final sobre tot el per\u00edode de les pr\u00e0ctiques IV.<\/td>\n<td width=\"108\"><a class=\"tooltip\"  href=\"javascript:void(0);\" data-toggle=\"popover\" data-placement=\"bottom\" data-content=\"Que els estudiants tinguin la capacitat de reunir i interpretar dades rellevants (normalment dins de la seva \u00e0rea d\u2019estudi) per emetre judicis que incloguin una reflexi\u00f3 sobre temes rellevants d\u2019\u00edndole social, cient\u00edfica o \u00e8tica.\">CB3<\/a><br \/>\n<a class=\"tooltip\"  href=\"javascript:void(0);\" data-toggle=\"popover\" data-placement=\"bottom\" data-content=\"Que els estudiants puguin transmetre informaci\u00f3, idees, problemes i solucions a un p\u00fablic tant especialitzat com no especialitzat.\">CB4<\/a><br \/>\n<a class=\"tooltip\"  href=\"javascript:void(0);\" data-toggle=\"popover\" data-placement=\"bottom\" data-content=\"Comprendre i expressar adequadament el coneixement, de forma oral i escrita, en els diversos contextos acad\u00e8mics o professionals propis de l\u2019especialitat.\">CG6<\/a><br \/>\n<a class=\"tooltip\"  href=\"javascript:void(0);\" data-toggle=\"popover\" data-placement=\"bottom\" data-content=\"Dissenyar, plani\ufb01car i avaluar processos d\u2019ensenyament i aprenentatge, tant individualment com en col\u00b7laboraci\u00f3 amb altres docents i professionals del centre d\u2019educaci\u00f3 prim\u00e0ria.\">CE2<\/a><br \/>\n<a class=\"tooltip\"  href=\"javascript:void(0);\" data-toggle=\"popover\" data-placement=\"bottom\" data-content=\"Assumir que l\u2019exercici de la funci\u00f3 docent ha d\u2019anar perfeccionant-se i adaptant-se als canvis cient\u00edfics, pedag\u00f2gics i socials al llarg de la vida.\">CE10<\/a><br \/>\n<a class=\"tooltip\"  href=\"javascript:void(0);\" data-toggle=\"popover\" data-placement=\"bottom\" data-content=\"Mantenir una relaci\u00f3 cr\u00edtica i aut\u00f2noma respecte als sabers, els valors i les institucions socials p\u00fabliques i privades.\">CE12<\/a><\/td>\n<td width=\"87\">15 %<\/td>\n<\/tr>\n<\/tbody>\n<\/table>\n<p>&nbsp;<\/p>\n","protected":false},"excerpt":{"rendered":"<p>A continuaci\u00f3 es presenta una breu descripci\u00f3 de cada una de les activitats d\u2019avaluaci\u00f3 continuada que es proposaran a l\u2019aula virtual amb l\u2019objectiu que l\u2019estudiantat desenvolupi les compet\u00e8ncies del Pr\u00e0cticum IV del grau d\u2019Educaci\u00f3 Prim\u00e0ria. PAC Nom Descripci\u00f3 Compet\u00e8ncies per desenvolupar Ponderaci\u00f3 PAC 1 El context educatiu i les compet\u00e8ncies professionals Elabora el Pla de [&hellip;]<\/p>\n","protected":false},"author":1,"featured_media":0,"parent":0,"menu_order":0,"comment_status":"closed","ping_status":"closed","template":"","meta":[],"acf":[],"_links":{"self":[{"href":"http:\/\/guia-practiques-primaria.aula.uoc.edu\/guia-practiques-curriculars-estudiantat\/wp-json\/wp\/v2\/pages\/126"}],"collection":[{"href":"http:\/\/guia-practiques-primaria.aula.uoc.edu\/guia-practiques-curriculars-estudiantat\/wp-json\/wp\/v2\/pages"}],"about":[{"href":"http:\/\/guia-practiques-primaria.aula.uoc.edu\/guia-practiques-curriculars-estudiantat\/wp-json\/wp\/v2\/types\/page"}],"author":[{"embeddable":true,"href":"http:\/\/guia-practiques-primaria.aula.uoc.edu\/guia-practiques-curriculars-estudiantat\/wp-json\/wp\/v2\/users\/1"}],"replies":[{"embeddable":true,"href":"http:\/\/guia-practiques-primaria.aula.uoc.edu\/guia-practiques-curriculars-estudiantat\/wp-json\/wp\/v2\/comments?post=126"}],"version-history":[{"count":6,"href":"http:\/\/guia-practiques-primaria.aula.uoc.edu\/guia-practiques-curriculars-estudiantat\/wp-json\/wp\/v2\/pages\/126\/revisions"}],"predecessor-version":[{"id":191,"href":"http:\/\/guia-practiques-primaria.aula.uoc.edu\/guia-practiques-curriculars-estudiantat\/wp-json\/wp\/v2\/pages\/126\/revisions\/191"}],"wp:attachment":[{"href":"http:\/\/guia-practiques-primaria.aula.uoc.edu\/guia-practiques-curriculars-estudiantat\/wp-json\/wp\/v2\/media?parent=126"}],"curies":[{"name":"wp","href":"https:\/\/api.w.org\/{rel}","templated":true}]}}