{"id":76,"date":"2025-07-23T13:45:04","date_gmt":"2025-07-23T11:45:04","guid":{"rendered":"http:\/\/guia-practiques-primaria.aula.uoc.edu\/guia-practiques-curriculars-estudiantat\/?page_id=76"},"modified":"2025-07-23T13:45:04","modified_gmt":"2025-07-23T11:45:04","slug":"5-2-1-descripcio-general","status":"publish","type":"page","link":"http:\/\/guia-practiques-primaria.aula.uoc.edu\/guia-practiques-curriculars-estudiantat\/5-2-1-descripcio-general\/","title":{"rendered":"5.2.1. Descripci\u00f3 general"},"content":{"rendered":"<p>El Pr\u00e0cticum II \u00e9s una assignatura de sis cr\u00e8dits on l\u2019estudiantat haur\u00e0 de fer 70 hores presencials al centre de pr\u00e0ctiques aix\u00ed com realitzar les activitats d\u2019aprenentatge proposades a l\u2019aula virtual. Les activitats de naturalesa formativa realitzades per l\u2019estudiantat s\u00f3n supervisades per un mentor o mentora del centre educatiu on es desenvolupa i per un tutor o tutora acad\u00e8mica de la UOC.<\/p>\n<div class=\"featured featured-blue\"><p>El Pr\u00e0cticum es considera una assignatura id\u00f2nia per tal que l\u2019alumnat pugui aplicar i complementar els coneixements adquirits durant la formaci\u00f3 acad\u00e8mica afavorint, al mateix temps, l\u2019adquisici\u00f3 de compet\u00e8ncies que el preparen per a l\u2019exercici professional.<\/p>\n<\/div>\n","protected":false},"excerpt":{"rendered":"<p>El Pr\u00e0cticum II \u00e9s una assignatura de sis cr\u00e8dits on l\u2019estudiantat haur\u00e0 de fer 70 hores presencials al centre de pr\u00e0ctiques aix\u00ed com realitzar les activitats d\u2019aprenentatge proposades a l\u2019aula virtual. Les activitats de naturalesa formativa realitzades per l\u2019estudiantat s\u00f3n supervisades per un mentor o mentora del centre educatiu on es desenvolupa i per un [&hellip;]<\/p>\n","protected":false},"author":1,"featured_media":0,"parent":0,"menu_order":0,"comment_status":"closed","ping_status":"closed","template":"","meta":[],"acf":[],"_links":{"self":[{"href":"http:\/\/guia-practiques-primaria.aula.uoc.edu\/guia-practiques-curriculars-estudiantat\/wp-json\/wp\/v2\/pages\/76"}],"collection":[{"href":"http:\/\/guia-practiques-primaria.aula.uoc.edu\/guia-practiques-curriculars-estudiantat\/wp-json\/wp\/v2\/pages"}],"about":[{"href":"http:\/\/guia-practiques-primaria.aula.uoc.edu\/guia-practiques-curriculars-estudiantat\/wp-json\/wp\/v2\/types\/page"}],"author":[{"embeddable":true,"href":"http:\/\/guia-practiques-primaria.aula.uoc.edu\/guia-practiques-curriculars-estudiantat\/wp-json\/wp\/v2\/users\/1"}],"replies":[{"embeddable":true,"href":"http:\/\/guia-practiques-primaria.aula.uoc.edu\/guia-practiques-curriculars-estudiantat\/wp-json\/wp\/v2\/comments?post=76"}],"version-history":[{"count":2,"href":"http:\/\/guia-practiques-primaria.aula.uoc.edu\/guia-practiques-curriculars-estudiantat\/wp-json\/wp\/v2\/pages\/76\/revisions"}],"predecessor-version":[{"id":78,"href":"http:\/\/guia-practiques-primaria.aula.uoc.edu\/guia-practiques-curriculars-estudiantat\/wp-json\/wp\/v2\/pages\/76\/revisions\/78"}],"wp:attachment":[{"href":"http:\/\/guia-practiques-primaria.aula.uoc.edu\/guia-practiques-curriculars-estudiantat\/wp-json\/wp\/v2\/media?parent=76"}],"curies":[{"name":"wp","href":"https:\/\/api.w.org\/{rel}","templated":true}]}}