{"id":91,"date":"2021-12-02T16:43:17","date_gmt":"2021-12-02T14:43:17","guid":{"rendered":"https:\/\/guia-practiques-primaria.aula.uoc.edu\/practicum\/?page_id=91"},"modified":"2021-12-02T16:43:17","modified_gmt":"2021-12-02T14:43:17","slug":"3-4-competencies-especifiques","status":"publish","type":"page","link":"http:\/\/guia-practiques-primaria.aula.uoc.edu\/practicum-I\/3-4-competencies-especifiques\/","title":{"rendered":"3.4. Compet\u00e8ncies espec\u00edfiques"},"content":{"rendered":"<p><strong>CE2<\/strong>. Dissenyar, planificar i avaluar processos d\u2019ensenyament i aprenentatge, tant individualment com en col\u00b7laboraci\u00f3 amb altres docents i professionals del centre d\u2019educaci\u00f3 prim\u00e0ria.<\/p>\n<p><strong>CE8<\/strong>. Analitzar l\u2019organitzaci\u00f3 dels centres d\u2019educaci\u00f3 prim\u00e0ria i proposar millores en la diversitat d\u2019accions que compr\u00e8n el seu funcionament.<\/p>\n<p><strong>CE12<\/strong>. Mantenir una relaci\u00f3 cr\u00edtica i aut\u00f2noma respecte als sabers, els valors i les institucions socials p\u00fabliques i privades.<\/p>\n<p><strong>CE13<\/strong>. Reflexionar sobre les metodologies a l\u2019aula per innovar i millorar la tasca docent en l\u2019educaci\u00f3 prim\u00e0ria, fomentant actituds positives vers models d\u2019ensenyament per indagaci\u00f3 centrats en l\u2019estudiant.<\/p>\n<p><strong>CE14<\/strong>. Adquirir h\u00e0bits i destreses per a l\u2019aprenentatge aut\u00f2nom i cooperatiu i promoure\u2019l entre els estudiants.<\/p>\n","protected":false},"excerpt":{"rendered":"<p>CE2. Dissenyar, planificar i avaluar processos d\u2019ensenyament i aprenentatge, tant individualment com en col\u00b7laboraci\u00f3 amb altres docents i professionals del centre d\u2019educaci\u00f3 prim\u00e0ria. CE8. Analitzar l\u2019organitzaci\u00f3 dels centres d\u2019educaci\u00f3 prim\u00e0ria i proposar millores en la diversitat d\u2019accions que compr\u00e8n el seu funcionament. CE12. Mantenir una relaci\u00f3 cr\u00edtica i aut\u00f2noma respecte als sabers, els valors i [&hellip;]<\/p>\n","protected":false},"author":1,"featured_media":0,"parent":0,"menu_order":0,"comment_status":"closed","ping_status":"closed","template":"","meta":[],"acf":[],"_links":{"self":[{"href":"http:\/\/guia-practiques-primaria.aula.uoc.edu\/practicum-I\/wp-json\/wp\/v2\/pages\/91"}],"collection":[{"href":"http:\/\/guia-practiques-primaria.aula.uoc.edu\/practicum-I\/wp-json\/wp\/v2\/pages"}],"about":[{"href":"http:\/\/guia-practiques-primaria.aula.uoc.edu\/practicum-I\/wp-json\/wp\/v2\/types\/page"}],"author":[{"embeddable":true,"href":"http:\/\/guia-practiques-primaria.aula.uoc.edu\/practicum-I\/wp-json\/wp\/v2\/users\/1"}],"replies":[{"embeddable":true,"href":"http:\/\/guia-practiques-primaria.aula.uoc.edu\/practicum-I\/wp-json\/wp\/v2\/comments?post=91"}],"version-history":[{"count":1,"href":"http:\/\/guia-practiques-primaria.aula.uoc.edu\/practicum-I\/wp-json\/wp\/v2\/pages\/91\/revisions"}],"predecessor-version":[{"id":92,"href":"http:\/\/guia-practiques-primaria.aula.uoc.edu\/practicum-I\/wp-json\/wp\/v2\/pages\/91\/revisions\/92"}],"wp:attachment":[{"href":"http:\/\/guia-practiques-primaria.aula.uoc.edu\/practicum-I\/wp-json\/wp\/v2\/media?parent=91"}],"curies":[{"name":"wp","href":"https:\/\/api.w.org\/{rel}","templated":true}]}}