{"id":24,"date":"2025-09-08T11:29:57","date_gmt":"2025-09-08T09:29:57","guid":{"rendered":"http:\/\/guia-practiques-primaria.aula.uoc.edu\/preguntes-frequents-faqs\/?page_id=24"},"modified":"2025-09-08T11:30:33","modified_gmt":"2025-09-08T09:30:33","slug":"3-quina-durada-tenen-els-practicums","status":"publish","type":"page","link":"http:\/\/guia-practiques-primaria.aula.uoc.edu\/preguntes-frequents-faqs\/3-quina-durada-tenen-els-practicums\/","title":{"rendered":"3. Quina durada tenen els Pr\u00e0cticums?"},"content":{"rendered":"<p>Cada Pr\u00e0cticum t\u00e9 una dedicaci\u00f3 a l\u2019aula virtual i presencial al centre de pr\u00e0ctiques diferent.<\/p>\n<p><img loading=\"lazy\" class=\"alignnone wp-image-10 size-full\" src=\"\/wp-content\/uploads\/sites\/16\/2025\/07\/PID_00307833_02.png\" alt=\"\" width=\"864\" height=\"514\" srcset=\"\/wp-content\/uploads\/sites\/16\/2025\/07\/PID_00307833_02.png 864w, \/wp-content\/uploads\/sites\/16\/2025\/07\/PID_00307833_02-300x178.png 300w, \/wp-content\/uploads\/sites\/16\/2025\/07\/PID_00307833_02-768x457.png 768w\" sizes=\"(max-width: 864px) 100vw, 864px\" \/><\/p>\n","protected":false},"excerpt":{"rendered":"<p>Cada Pr\u00e0cticum t\u00e9 una dedicaci\u00f3 a l\u2019aula virtual i presencial al centre de pr\u00e0ctiques diferent.<\/p>\n","protected":false},"author":1,"featured_media":0,"parent":0,"menu_order":0,"comment_status":"closed","ping_status":"closed","template":"","meta":[],"acf":[],"_links":{"self":[{"href":"http:\/\/guia-practiques-primaria.aula.uoc.edu\/preguntes-frequents-faqs\/wp-json\/wp\/v2\/pages\/24"}],"collection":[{"href":"http:\/\/guia-practiques-primaria.aula.uoc.edu\/preguntes-frequents-faqs\/wp-json\/wp\/v2\/pages"}],"about":[{"href":"http:\/\/guia-practiques-primaria.aula.uoc.edu\/preguntes-frequents-faqs\/wp-json\/wp\/v2\/types\/page"}],"author":[{"embeddable":true,"href":"http:\/\/guia-practiques-primaria.aula.uoc.edu\/preguntes-frequents-faqs\/wp-json\/wp\/v2\/users\/1"}],"replies":[{"embeddable":true,"href":"http:\/\/guia-practiques-primaria.aula.uoc.edu\/preguntes-frequents-faqs\/wp-json\/wp\/v2\/comments?post=24"}],"version-history":[{"count":1,"href":"http:\/\/guia-practiques-primaria.aula.uoc.edu\/preguntes-frequents-faqs\/wp-json\/wp\/v2\/pages\/24\/revisions"}],"predecessor-version":[{"id":27,"href":"http:\/\/guia-practiques-primaria.aula.uoc.edu\/preguntes-frequents-faqs\/wp-json\/wp\/v2\/pages\/24\/revisions\/27"}],"wp:attachment":[{"href":"http:\/\/guia-practiques-primaria.aula.uoc.edu\/preguntes-frequents-faqs\/wp-json\/wp\/v2\/media?parent=24"}],"curies":[{"name":"wp","href":"https:\/\/api.w.org\/{rel}","templated":true}]}}