{"id":31,"date":"2025-09-08T11:32:02","date_gmt":"2025-09-08T09:32:02","guid":{"rendered":"http:\/\/guia-practiques-primaria.aula.uoc.edu\/preguntes-frequents-faqs\/?page_id=31"},"modified":"2025-09-08T11:32:38","modified_gmt":"2025-09-08T09:32:38","slug":"5-puc-fer-dos-practicums-a-la-vegada","status":"publish","type":"page","link":"http:\/\/guia-practiques-primaria.aula.uoc.edu\/preguntes-frequents-faqs\/5-puc-fer-dos-practicums-a-la-vegada\/","title":{"rendered":"5. Puc fer dos pr\u00e0cticums a la vegada?"},"content":{"rendered":"<p>La recomanaci\u00f3 per part del Grau \u00e9s que els estudiants cursin els pr\u00e0cticums d\u2019un en un, per tal de donar m\u00e9s coher\u00e8ncia al pla d\u2019estudis sencer i gaudir al m\u00e0xim de l\u2019estada al centre de pr\u00e0ctiques. Ara b\u00e9, per tal d\u2019afavorir la conciliaci\u00f3 als estudiants, \u00e9s possible matricular-se de dos pr\u00e0cticums consecutius a la vegada i, per tant, cursar-los conjuntament en el mateix semestre.<\/p>\n<p>En cas que vulguis optar per aquesta opci\u00f3, per\u00f2, cal ser conscient que:<\/p>\n<ul>\n<li>Caldr\u00e0 realitzar les hores de cadascun dels pr\u00e0cticums, aix\u00ed com les activitats d\u2019avaluaci\u00f3 cont\u00ednua de cada assignatura, per separat.<\/li>\n<li>A l\u2019hora de fer la matriculaci\u00f3 de les assignatures, cal que compleixis els requisits del pr\u00e0cticum m\u00e9s alt que matriculis.<\/li>\n<\/ul>\n","protected":false},"excerpt":{"rendered":"<p>La recomanaci\u00f3 per part del Grau \u00e9s que els estudiants cursin els pr\u00e0cticums d\u2019un en un, per tal de donar m\u00e9s coher\u00e8ncia al pla d\u2019estudis sencer i gaudir al m\u00e0xim de l\u2019estada al centre de pr\u00e0ctiques. Ara b\u00e9, per tal d\u2019afavorir la conciliaci\u00f3 als estudiants, \u00e9s possible matricular-se de dos pr\u00e0cticums consecutius a la vegada [&hellip;]<\/p>\n","protected":false},"author":1,"featured_media":0,"parent":0,"menu_order":0,"comment_status":"closed","ping_status":"closed","template":"","meta":[],"acf":[],"_links":{"self":[{"href":"http:\/\/guia-practiques-primaria.aula.uoc.edu\/preguntes-frequents-faqs\/wp-json\/wp\/v2\/pages\/31"}],"collection":[{"href":"http:\/\/guia-practiques-primaria.aula.uoc.edu\/preguntes-frequents-faqs\/wp-json\/wp\/v2\/pages"}],"about":[{"href":"http:\/\/guia-practiques-primaria.aula.uoc.edu\/preguntes-frequents-faqs\/wp-json\/wp\/v2\/types\/page"}],"author":[{"embeddable":true,"href":"http:\/\/guia-practiques-primaria.aula.uoc.edu\/preguntes-frequents-faqs\/wp-json\/wp\/v2\/users\/1"}],"replies":[{"embeddable":true,"href":"http:\/\/guia-practiques-primaria.aula.uoc.edu\/preguntes-frequents-faqs\/wp-json\/wp\/v2\/comments?post=31"}],"version-history":[{"count":1,"href":"http:\/\/guia-practiques-primaria.aula.uoc.edu\/preguntes-frequents-faqs\/wp-json\/wp\/v2\/pages\/31\/revisions"}],"predecessor-version":[{"id":32,"href":"http:\/\/guia-practiques-primaria.aula.uoc.edu\/preguntes-frequents-faqs\/wp-json\/wp\/v2\/pages\/31\/revisions\/32"}],"wp:attachment":[{"href":"http:\/\/guia-practiques-primaria.aula.uoc.edu\/preguntes-frequents-faqs\/wp-json\/wp\/v2\/media?parent=31"}],"curies":[{"name":"wp","href":"https:\/\/api.w.org\/{rel}","templated":true}]}}