{"id":47,"date":"2025-09-08T11:42:09","date_gmt":"2025-09-08T09:42:09","guid":{"rendered":"http:\/\/guia-practiques-primaria.aula.uoc.edu\/preguntes-frequents-faqs\/?page_id=47"},"modified":"2025-09-08T11:42:49","modified_gmt":"2025-09-08T09:42:49","slug":"10-puc-triar-lliurement-el-centre-de-practiques","status":"publish","type":"page","link":"http:\/\/guia-practiques-primaria.aula.uoc.edu\/preguntes-frequents-faqs\/10-puc-triar-lliurement-el-centre-de-practiques\/","title":{"rendered":"10. Puc triar lliurement el centre de pr\u00e0ctiques?"},"content":{"rendered":"<p>Segons l\u2019opci\u00f3 de pr\u00e0ctiques que vulguis triar, l\u2019assignaci\u00f3 del centre de pr\u00e0ctiques el realitzar\u00e0 la Universitat o el mateix estudiant.<\/p>\n","protected":false},"excerpt":{"rendered":"<p>Segons l\u2019opci\u00f3 de pr\u00e0ctiques que vulguis triar, l\u2019assignaci\u00f3 del centre de pr\u00e0ctiques el realitzar\u00e0 la Universitat o el mateix estudiant.<\/p>\n","protected":false},"author":1,"featured_media":0,"parent":0,"menu_order":0,"comment_status":"closed","ping_status":"closed","template":"","meta":[],"acf":[],"_links":{"self":[{"href":"http:\/\/guia-practiques-primaria.aula.uoc.edu\/preguntes-frequents-faqs\/wp-json\/wp\/v2\/pages\/47"}],"collection":[{"href":"http:\/\/guia-practiques-primaria.aula.uoc.edu\/preguntes-frequents-faqs\/wp-json\/wp\/v2\/pages"}],"about":[{"href":"http:\/\/guia-practiques-primaria.aula.uoc.edu\/preguntes-frequents-faqs\/wp-json\/wp\/v2\/types\/page"}],"author":[{"embeddable":true,"href":"http:\/\/guia-practiques-primaria.aula.uoc.edu\/preguntes-frequents-faqs\/wp-json\/wp\/v2\/users\/1"}],"replies":[{"embeddable":true,"href":"http:\/\/guia-practiques-primaria.aula.uoc.edu\/preguntes-frequents-faqs\/wp-json\/wp\/v2\/comments?post=47"}],"version-history":[{"count":1,"href":"http:\/\/guia-practiques-primaria.aula.uoc.edu\/preguntes-frequents-faqs\/wp-json\/wp\/v2\/pages\/47\/revisions"}],"predecessor-version":[{"id":48,"href":"http:\/\/guia-practiques-primaria.aula.uoc.edu\/preguntes-frequents-faqs\/wp-json\/wp\/v2\/pages\/47\/revisions\/48"}],"wp:attachment":[{"href":"http:\/\/guia-practiques-primaria.aula.uoc.edu\/preguntes-frequents-faqs\/wp-json\/wp\/v2\/media?parent=47"}],"curies":[{"name":"wp","href":"https:\/\/api.w.org\/{rel}","templated":true}]}}