{"id":50,"date":"2025-09-08T11:43:19","date_gmt":"2025-09-08T09:43:19","guid":{"rendered":"http:\/\/guia-practiques-primaria.aula.uoc.edu\/preguntes-frequents-faqs\/?page_id=50"},"modified":"2025-09-08T11:44:24","modified_gmt":"2025-09-08T09:44:24","slug":"11-que-es-el-conveni-de-practiques","status":"publish","type":"page","link":"http:\/\/guia-practiques-primaria.aula.uoc.edu\/preguntes-frequents-faqs\/11-que-es-el-conveni-de-practiques\/","title":{"rendered":"11. Qu\u00e8 \u00e9s el conveni de pr\u00e0ctiques?"},"content":{"rendered":"<p>El conveni de pr\u00e0ctiques \u00e9s el document que estableix els acords entre la universitat i el centre de pr\u00e0ctiques de l\u2019estudiant del m\u00e0ster. La UOC enviar\u00e0 el document per correu electr\u00f2nic a les parts, l&#8217;estudiant podr\u00e0 signar-lo des del m\u00f2bil, la tauleta o l&#8217;ordinador, amb total validesa legal i el centre ho haur\u00e0 de fer mitjan\u00e7ant signatura electr\u00f2nica.<\/p>\n","protected":false},"excerpt":{"rendered":"<p>El conveni de pr\u00e0ctiques \u00e9s el document que estableix els acords entre la universitat i el centre de pr\u00e0ctiques de l\u2019estudiant del m\u00e0ster. La UOC enviar\u00e0 el document per correu electr\u00f2nic a les parts, l&#8217;estudiant podr\u00e0 signar-lo des del m\u00f2bil, la tauleta o l&#8217;ordinador, amb total validesa legal i el centre ho haur\u00e0 de fer [&hellip;]<\/p>\n","protected":false},"author":1,"featured_media":0,"parent":0,"menu_order":0,"comment_status":"closed","ping_status":"closed","template":"","meta":[],"acf":[],"_links":{"self":[{"href":"http:\/\/guia-practiques-primaria.aula.uoc.edu\/preguntes-frequents-faqs\/wp-json\/wp\/v2\/pages\/50"}],"collection":[{"href":"http:\/\/guia-practiques-primaria.aula.uoc.edu\/preguntes-frequents-faqs\/wp-json\/wp\/v2\/pages"}],"about":[{"href":"http:\/\/guia-practiques-primaria.aula.uoc.edu\/preguntes-frequents-faqs\/wp-json\/wp\/v2\/types\/page"}],"author":[{"embeddable":true,"href":"http:\/\/guia-practiques-primaria.aula.uoc.edu\/preguntes-frequents-faqs\/wp-json\/wp\/v2\/users\/1"}],"replies":[{"embeddable":true,"href":"http:\/\/guia-practiques-primaria.aula.uoc.edu\/preguntes-frequents-faqs\/wp-json\/wp\/v2\/comments?post=50"}],"version-history":[{"count":1,"href":"http:\/\/guia-practiques-primaria.aula.uoc.edu\/preguntes-frequents-faqs\/wp-json\/wp\/v2\/pages\/50\/revisions"}],"predecessor-version":[{"id":51,"href":"http:\/\/guia-practiques-primaria.aula.uoc.edu\/preguntes-frequents-faqs\/wp-json\/wp\/v2\/pages\/50\/revisions\/51"}],"wp:attachment":[{"href":"http:\/\/guia-practiques-primaria.aula.uoc.edu\/preguntes-frequents-faqs\/wp-json\/wp\/v2\/media?parent=50"}],"curies":[{"name":"wp","href":"https:\/\/api.w.org\/{rel}","templated":true}]}}