{"id":56,"date":"2025-09-08T11:46:06","date_gmt":"2025-09-08T09:46:06","guid":{"rendered":"http:\/\/guia-practiques-primaria.aula.uoc.edu\/preguntes-frequents-faqs\/?page_id=56"},"modified":"2026-01-20T11:55:12","modified_gmt":"2026-01-20T09:55:12","slug":"13-que-passa-si-hi-ha-canvi-de-mentor-o-mentora-durant-el-periode-de-practiques","status":"publish","type":"page","link":"http:\/\/guia-practiques-primaria.aula.uoc.edu\/preguntes-frequents-faqs\/13-que-passa-si-hi-ha-canvi-de-mentor-o-mentora-durant-el-periode-de-practiques\/","title":{"rendered":"13. Qu\u00e8 passa si hi ha canvi de mentor o mentora durant el per\u00edode de pr\u00e0ctiques?"},"content":{"rendered":"<p>Si hi ha un canvi de mentor o mentora durant el per\u00edode de pr\u00e0ctiques, heu d\u2019informar el personal docent col\u00b7laborador UOC amb totes les dades de la nova persona que tutoritzar\u00e0 les pr\u00e0ctiques al centre.<\/p>\n","protected":false},"excerpt":{"rendered":"<p>Si hi ha un canvi de mentor o mentora durant el per\u00edode de pr\u00e0ctiques, heu d\u2019informar el personal docent col\u00b7laborador UOC amb totes les dades de la nova persona que tutoritzar\u00e0 les pr\u00e0ctiques al centre.<\/p>\n","protected":false},"author":1,"featured_media":0,"parent":0,"menu_order":0,"comment_status":"closed","ping_status":"closed","template":"","meta":[],"acf":[],"_links":{"self":[{"href":"http:\/\/guia-practiques-primaria.aula.uoc.edu\/preguntes-frequents-faqs\/wp-json\/wp\/v2\/pages\/56"}],"collection":[{"href":"http:\/\/guia-practiques-primaria.aula.uoc.edu\/preguntes-frequents-faqs\/wp-json\/wp\/v2\/pages"}],"about":[{"href":"http:\/\/guia-practiques-primaria.aula.uoc.edu\/preguntes-frequents-faqs\/wp-json\/wp\/v2\/types\/page"}],"author":[{"embeddable":true,"href":"http:\/\/guia-practiques-primaria.aula.uoc.edu\/preguntes-frequents-faqs\/wp-json\/wp\/v2\/users\/1"}],"replies":[{"embeddable":true,"href":"http:\/\/guia-practiques-primaria.aula.uoc.edu\/preguntes-frequents-faqs\/wp-json\/wp\/v2\/comments?post=56"}],"version-history":[{"count":3,"href":"http:\/\/guia-practiques-primaria.aula.uoc.edu\/preguntes-frequents-faqs\/wp-json\/wp\/v2\/pages\/56\/revisions"}],"predecessor-version":[{"id":181,"href":"http:\/\/guia-practiques-primaria.aula.uoc.edu\/preguntes-frequents-faqs\/wp-json\/wp\/v2\/pages\/56\/revisions\/181"}],"wp:attachment":[{"href":"http:\/\/guia-practiques-primaria.aula.uoc.edu\/preguntes-frequents-faqs\/wp-json\/wp\/v2\/media?parent=56"}],"curies":[{"name":"wp","href":"https:\/\/api.w.org\/{rel}","templated":true}]}}